
-9ddb9
In base 10, what is 25271 + 12?
25283
In base 14, what is 5 + -2ca91?
-2ca8a
In base 16, what is 3 + 85ed2?
85ed5
In base 10, what is 21353 + 3?
21356
In base 2, what is 11 + -10001001000100000001?
-10001001000011111110
In base 5, what is 222221 + -202?
222014
In base 8, what is -41 - -317066?
317025
In base 12, what is -7053 - 4?
-7057
In base 7, what is 116110 + 102?
116212
In base 2, what is 110001111011111 - -111?
110001111100110
In base 9, what is 123 - 20251?
-20127
In base 2, what is -1111010001010 - -100?
-1111010000110
In base 8, what is 14 + -1161441?
-1161425
In base 14, what is a6 + 18ab?
1973
In base 2, what is -1000101 - -110011010?
101010101
In base 8, what is 210 - -2431?
2641
In base 13, what is -2577 - 3?
-257a
In base 2, what is 11011111010110 + -1?
11011111010101
In base 2, what is 1 + 10001011000110?
10001011000111
In base 3, what is 1110012110122 + 2?
1110012110201
In base 10, what is -261872 + 0?
-261872
In base 15, what is -2e5 + -8?
-2ed
In base 5, what is -1113003 + 0?
-1113003
In base 14, what is -c9c + -19?
-cb7
In base 13, what is 359 - 7?
352
In base 13, what is -27 + -310?
-337
In base 4, what is 3201200 + 101?
3201301
In base 15, what is -3 + 6996?
6993
In base 5, what is 1 - -14034041?
14034042
In base 16, what is 1ab3b - 0?
1ab3b
In base 4, what is 2113 + -110120?
-102001
In base 11, what is -151a4 + -2?
-151a6
In base 10, what is -213766 - -3?
-213763
In base 9, what is -206 - 215?
-422
In base 12, what is -1a712 - 0?
-1a712
In base 12, what is -3 - 1771?
-1774
In base 3, what is -12 + -1101222?
-1102011
In base 3, what is -222201112 + 10?
-222201102
In base 14, what is -d1 + -2b6?
-3a7
In base 9, what is 21340 + -2?
21337
In base 4, what is 111323100 + -11?
111323023
In base 11, what is 214 - -1509?
1722
In base 10, what is 61628 - 3?
61625
In base 3, what is -10 - -2002111020220?
2002111020210
In base 14, what is 1cba - -1b?
1cd7
In base 13, what is -9 - -3a5a?
3a51
In base 2, what is 1001110001000010 - 0?
1001110001000010
In base 8, what is 16257 - -1?
16260
In base 9, what is -165 - 262?
-437
In base 14, what is 13bc - -15?
13d3
In base 2, what is -1001101111 + 101?
-1001101010
In base 7, what is -14454 + -3?
-14460
In base 2, what is -111011111011110 - 10101?
-111011111110011
In base 6, what is 0 - -52211?
52211
In base 15, what is -b185 + -9c?
-b232
In base 9, what is 2 - 14762?
-14760
In base 2, what is -11 + 101011101111000101000?
101011101111000100101
In base 6, what is 555 - 34305?
-33310
In base 6, what is 2553443 - -11?
2553454
In base 13, what is 107 + 326b?
3375
In base 9, what is 10 - -20674?
20684
In base 7, what is 2022 + -13143?
-11121
In base 9, what is 12115613 - 0?
12115613
In base 11, what is 1 + 1a8?
1a9
In base 16, what is 2 - aa3bc?
-aa3ba
In base 6, what is -2541354 - -2?
-2541352
In base 4, what is 1 - 2000333033?
-2000333032
In base 5, what is -344020020 - 10?
-344020030
In base 16, what is 368e + 5?
3693
In base 4, what is 121101101012 + 11?
121101101023
In base 16, what is -db3f + 1d?
-db22
In base 8, what is -7 + -424321?
-424330
In base 5, what is -130 - -2034?
1404
In base 16, what is -192 - -34?
-15e
In base 16, what is -42 + -e1?
-123
In base 11, what is -590 - -196?
-3a5
In base 15, what is -102e - -a?
-1024
In base 10, what is -4811 - 856?
-5667
In base 7, what is 1135 + -434?
401
In base 10, what is 855 + -24?
831
In base 3, what is -22 + 1020111?
1020012
In base 12, what is 2 - -1aa959?
1aa95b
In base 3, what is 100 - -22010020212?
22010021012
In base 8, what is -366653 + 1?
-366652
In base 6, what is 23 + 200012?
200035
In base 5, what is 1 - 120311433?
-120311432
In base 5, what is 21422 - 11030?
10342
In base 10, what is 6560 + 17?
6577
In base 10, what is -4 - 49944?
-49948
In base 8, what is 12352 + -1001?
11351
In base 3, what is -1101 - -120111?
112010
In base 2, what is -1000 + 101001100010111010?
101001100010110010
In base 6, what is 505 - -32?
541
In base 4, what is 201120 - 3021?
132033
In base 8, what is 4 - 1643751?
-1643745
In base 9, what is 5 + -31462?
-31456
In base 9, what is 4 + 1554?
1558
In base 6, what is -1352 - -22?
-1330
In base 9, what is 5382 + -12?
5370
In base 4, what is -31 - 1210222?
-1210313
In base 14, what is 72 - 22b?
-199
In base 12, what is 119 - -159?
276
In base 3, what is -1000 + 2111022022?
2111021022
In base 7, what is 5 - 242355?
-242350
In base 7, what is 63 + 365626?
366022
In base 5, what is 22142100 - -1?
22142101
In base 4, what is 122321333 + 33?
122322032
In base 10, what is -97 - 1635?
-1732
In base 6, what is 13112104 - 2?
13112102
In base 16, what is -2 + 6455?
6453
In base 2, what is 111000 + 1?
111001
In base 11, what is -3 + 1284189?
1284186
In base 14, what is 19 - -b16?
b31
In base 10, what is 1365 + 361?
1726
In base 16, what is -2fab + 1a?
-2f91
In base 11, what is -a9835 + 2?
-a9833
In base 9, what is 6 + 85004?
85011
In base 5, what is 1 - 11211344?
-11211343
In base 14, what is -1027 + -2?
-1029
In base 9, what is -142470 - 4?
-142474
In base 3, what is 110210 - 102120?
1020
In base 13, what is 76 - -128?
1a1
In base 14, what is 80 - 1b23?
-1a83
In base 14, what is -3844a + b?
-3843d
In base 14, what is 2825 + 2?
2827
In base 4, what is -1220 - 120?
-2000
In base 4, what is -2030011 - -11?
-2030000
In base 6, what is 351 - -115312?
120103
In base 6, what is -2550 + -230?
-3220
In base 2, what is -11011 + -11001001011000111?
-11001001011100010
In base 13, what is -2 + -14a047?
-14a049
In base 15, what is -275 + -257?
-4cc
In base 10, what is 4 - 507102?
-507098
In base 12, what is 33567 + 1?
33568
In base 7, what is 4 - 24503?
-24466
In base 8, what is -21 - 7511?
-7532
In base 15, what is 3e1 - -8b3?
ca4
In base 12, what is -106 + -3333?
-3439
In base 13, what is 11b9262 + 3?
11b9265
In base 5, what is 1233341 + 2?
1233343
In base 7, what is -2 - -3046444?
3046442
In base 3, what is -21 + 110111?
110020
In base 8, what is 41 - -133674?
133735
In base 10, what is 4 + 20627?
20631
In base 11, what is -10 + 3211?
3201
In base 11, what is 171a3 - 2?
171a1
In base 12, what is 5 - -13784?
13789
In base 3, what is -220121 - 1120112?
-2111010
In base 3, what is 1110122112212 - -1?
1110122112220
In base 8, what is 220473 - 11?
220462
In base 13, what is -1 - 201b5?
-201b6
In base 3, what is -122210012 + -12?
-122210101
In base 15, what is 1 - 121bad?
-121bac
In base 4, what is -1003 - 200?
-1203
In base 11, what is -902 - 127?
-a29
In base 3, what is -20 - 111010110?
-111010200
In base 11, what is -74 - -17aa0?
17a27
In base 12, what is -4 - 21b28?
-21b30
In base 15, what is -10 - 5ac3d?
-5ac4d
In base 16, what is dc63 - -1?
dc64
In base 3, what is -1111221122 - -2122?
-1111212000
In base 5, what is -2024 + -1112?
-3141
In base 8, what is 61304 + 15?
61321
In base 9, what is -13036 - -5?
-13031
In base 15, what is -12588 - 1?
-12589
In base 13, what is 4 + 6a79b?
6a7a2
In base 9, what is 16 + 14728?
14745
In base 7, what is -11160 + -16?
-11206
In base 9, what is -2 - 20023?
-20025
In base 15, what is -6b35 - 10?
-6b45
In base 12, what is 5 + 10782?
10787
In base 10, what is 1 - 26057?
-26056
In base 4, what is -10201 + 13003?
2202
In base 14, what is -15c13 - -38?
-15bb9
In base 5, what is 134103300 - 1?
134103244
In base 2, what is -1001001 + -1001001100?
-1010010101
In base 10, what is -245 + -1935?
-2180
In base 13, what is -11371 - c7?
-11468
In base 10, what is -828 + -28?
-856
In base 15, what is -3 - 412eb?
-412ee
In base 13, what is -2 + -82c5?
-82c7
In base 9, what is 1780 - 26?
1753
In base 14, what is 66d3 - -4?
66d7
In base 6, what is -523050 - -4?
-523042
In base 8, what is -201607 + -7?
-201616
In base 4, what is 3 - -13322230?
13322233
In base 9, what is 0 - 17643?
-17643
In base 6, what is 20132 + 11?
20143
In base 11, what is -4 + 31a0a?
31a06
In base 6, what is -2125 - -53405?
51240
In base 7, what is -15 + -16263?
-16311
In base 9, what is -16431 + 7?
-16423
In base 14, what is -17 + -16c85?
-16c9c
In base 5, what is -212 - -12324?
12112
In base 8, what is -25240 - -64?
-25154
In base 6, what is 315 - -100504?
101223
In base 11, what is 456 + 7?
462
In base 5, what is 242 + -1030212?
-1024420
In base 7, what is 21550 - 44?
21503
In base 6, what is 41043 + 102?
41145
In base 5, what is 